 f**2. Let l(b) = -2*b - 15. Let v be l(8). Let s = v - -30. Calculate q(s).
5
Let h(v) be the second derivative of -v**5/20 - 5*v**4/12 + v**3/2 + 3*v**2/2 - 68*v + 2. Give h(-5).
-12
Suppose 4*z - 25 = -z, -z = 5*b - 80. Suppose 16*r = b*r + 17. Let n(y) = 18*y**2 - r*y**2 + 0*y - 4*y. Determine n(4).
0
Let y(u) = 8*u**3 - 3*u**2 - 2*u - 1. Let h = 1318 - 1319. What is y(h)?
-10
Let a(s) = 2*s - 6. Let z(j) = 2*j - 6. Let i(p) = 6*a(p) - 7*z(p). Let x(o) = o - 3. Let n = 9 + -6. Let t(y) = n*i(y) + 5*x(y). What is t(-5)?
8
Let q(d) = -9 - 4*d**2 + 3*d**2 + 7655*d - 7662*d. What is q(-8)?
-17
Let m(b) = -12*b + 4. Let o(x) = 4*x - 7. Let i be o(9). Let l = i + -21. Let y(a) = -4*a + 1. Let r(p) = l*y(p) - 3*m(p). Calculate r(3).
8
Suppose 0 = -c - 24 + 28. Let i(y) = 6*y - 12*y + y**3 - 2*y**3 + c + 4*y + 4*y**2. What is i(4)?
-4
Let x(t) = -2*t**2 - 3*t + 5. Let u = 60 + -48. Suppose u*k + 12 = 9*k. Give x(k).
-15
Let v(n) = 80 - 27 - n**2 - 34 - 35 - 11*n. Determine v(-6).
14
Let r(g) be the second derivative of -g**5/10 + g**2/2 - 102*g. Calculate r(-2).
17
Suppose -1327*t = -1329*t - 20. Let x(h) = h**2 + 7*h + 1. Determine x(t).
31
Suppose 3 = -3*g, 3*y - 5*g + 3*g + 25 = 0. Let l(v) = 3*v - 7. Give l(y).
-34
Let f(o) = 3*o**2 - 6 - 2 - 3 - 2*o**2 + 3*o + 1. Calculate f(-5).
0
Let n(b) = -b + 7. Suppose 2*r + 5*w - 36 = 0, -4*r = -5*r + 2*w. What is n(r)?
-1
Let i(k) be the second derivative of -k**4/12 + 4*k**3/3 + k**2 + 3*k + 5. What is i(6)?
14
Let q be (136/(-16) - -8)*-2. Suppose a = -g + 2 - 0, 2*a - 4 = g. Let i(v) = -3*v**a + 3*v**2 - 2*v**2. Calculate i(q).
-2
Let a(q) = -q**2 + q + 6. Suppose -2*d - 2*r = -66, 0*d + 2*d = 3*r + 66. Let l = -33 + d. Give a(l).
6
Let w = -23 + 15. Let u be (-1 - -3)*3/(2 + w). Let j(x) = 2*x - 1. Determine j(u).
-3
Let a(i) = -i**3 + 4*i**2 + 7*i + 5. Let s(v) = 3*v**3 - 10*v**2 - 20*v - 14. Let c(g) = -8*a(g) - 3*s(g). What is c(-4)?
18
Suppose 136 = 16*o - 24. Let r(q) = -q**2 + 9*q. Calculate r(o).
-10
Let o = 6 + -10. Suppose -2*v + v + 17 = 0. Let a(f) = -7*f - 3*f - 4*f + v*f + 6. Determine a(o).
-6
Let m be 5/((-20)/(-24)*3). Let w(o) = -o**3 + 3*o**2 - 2*o - 1. Give w(m).
-1
Let s(j) = 2*j**2 + 2*j + 0*j**3 + j**2 + 3 - j**3. Suppose 5*p - 6 = 3*k, 4*p + 5*k - 4 = 23. Give s(p).
9
Let r(o) be the first derivative of o**6/120 + 5*o**3/3 - 10*o**2 + 22. Let p(d) be the second derivative of r(d). Determine p(0).
10
Let b(w) = -12*w - 5. Let x(t) = -15*t - 4. Let u(s) = -7*b(s) + 6*x(s). What is u(2)?
-1
Let q(s) = -4*s + 3*s - 5 + 3. Suppose 4*j = m + 4, 4*j = -5*m + 33 + 67. Let t = -18 + m. Calculate q(t).
0
Let y(x) = 12*x + 22*x**2 - 23*x**2 - 22*x - 2. What is y(-10)?
-2
Let c(w) = -5*w + 2. Suppose -3*j + g - 9 = 0, 4*g - 7*g - 6 = 2*j. Calculate c(j).
17
Let w(j) be the second derivative of -j**4/12 + 2*j**3/3 + j**2/2 - 189*j. What is w(4)?
1
Let z(p) = -p**3 + p**2 - p - 26. Let g = -95 - -95. What is z(g)?
-26
Let z(n) = -4*n - 4. Let y(w) = 5*w + 3. Let o(i) = -3*y(i) - 4*z(i). Suppose 3*a - 3*t + 2 = -16, -30 = 5*a - 4*t. Determine o(a).
1
Let q(h) be the second derivative of -h**3/3 - 7*h**2/2 + 8*h - 28. Give q(-7).
7
Let c(j) = -j**2 + 3*j + 12. Let s be c(4). Let d(l) = l**3 - 7*l**2 - 10*l + 8. What is d(s)?
-8
Let y(w) = -6961 + 6997 - 11*w**2 + w**3 - 2*w - 9*w**2. Give y(20).
-4
Let q(c) = c**3 - c - 9. Let v = 17 + -12. Suppose -37 = -2*b - 31. Suppose u - r + b = v*u, 2*r = 6. Give q(u).
-9
Let m(i) = i**2 - 4*i + 6. Let x = 406 - 401. Calculate m(x).
11
Let x be (22/(-55))/((-6)/20)*-3. Let k(i) = -154*i + 46*i + 51*i - 6 + 54*i. What is k(x)?
6
Let h(u) = u + 11. Suppose -54 + 144 = -9*d. Determine h(d).
1
Suppose -35*n - 59 = 11. Let b(k) = 4*k**2 - k - 11. Give b(n).
7
Let n(f) = -f**2 - 18*f + 16. Let x = 126 - 145. What is n(x)?
-3
Let a(y) be the second derivative of 0 - 10*y + 1/6*y**3 + y**2. Calculate a(-3).
-1
Suppose -2 = 7*i - 16. Let z(k) = 13*k + 25*k**3 + 3*k**i - 11*k - 26*k**3 + 2. What is z(4)?
-6
Let l(w) = -w**3 - 3*w**2 + 5*w + 1. Let q(p) = 1. Let k(m) = -l(m) - 5*q(m). Suppose 35*x + 312 = 172. Give k(x).
-2
Let q(x) be the first derivative of -3*x + 1/4*x**4 + 5/3*x**3 + 5/2*x**2 + 19. Calculate q(-4).
-7
Let y(p) = 0*p**2 + p**2 - 1 - 1 - 3*p. Suppose -6*k + 6 = -3*k. Suppose -3*s + k*s + 4 = -z, -s = z - 4. Calculate y(s).
2
Let x be (10/(-3))/(-5 + (-91)/(-21)). Suppose x = -2*f - 3*j, 2*f - 5*j = -4*j + 7. Let b(o) = -o - 1. Give b(f).
-3
Let s = -4 + 10. Let q = 9 - s. Let h(o) = -2*o**3 + 6*o**q + o**3 + o**3. Calculate h(-1).
-6
Let w = -10 - -12. Suppose -4 = -4*u, p + 8 = w*p + 4*u. Suppose 4*h + p = 5*h. Let f(b) = -b + 3. What is f(h)?
-1
Let z(b) be the first derivative of -b**4/4 + 8*b**3/3 + 5*b**2/2 - 2*b - 25. What is z(8)?
38
Let x(i) = 1 + 2*i**3 - 3*i**3 - i + 4*i. Let f be 4 + -2 + (2 - -6). Suppose 4*d + f = -d. Give x(d).
3
Suppose 2*i = 5*n + 34, -4*n + 96 = 4*i - 0*n. Let z = i + -17. Let p(j) be the second derivative of j**3/3 - 3*j**2/2 - 2*j. What is p(z)?
7
Let p(m) = m**2 + 5*m + 4. Let g(j) be the first derivative of j**3/3 + 2*j**2 + j - 9. Let t be g(-4). Suppose t = -x, 0 = 2*w - 4*x + 6. What is p(w)?
4
Let c = 2754 + -2750. Let d(i) be the second derivative of 0 - 14*i - 1/2*i**2 - 3/4*i**c - 1/3*i**3. Determine d(-1).
-8
Let l(p) = -4*p + 23. Let o(h) = 7*h - 42. Let q(k) = -11*l(k) - 6*o(k). Give q(5).
9
Let f(t) = -3*t + 11. Suppose -3*i = -3, 3*m - 2*i - 22 = 60. Suppose 0 = 3*w - d - m, -7*w + 28 = -5*w - 3*d. Calculate f(w).
-13
Let r(b) be the second derivative of -b**7/840 + b**6/360 + b**5/120 - b**4/24 + 11*b**3/6 - 2*b. Let d(w) be the second derivative of r(w). Calculate d(1).
0
Let d(p) be the third derivative of -p**5/60 - p**4/24 + p**3/2 - p**2. Let m = -210 - -222. Suppose r + 3 + 7 = -5*w, 0 = w + 3*r - m. Give d(w).
-3
Let g(s) = 11*s - 8. Let a(i) = -33*i + 22. Let b(l) = 4*a(l) + 11*g(l). Determine b(4).
-44
Let p = -27 + 43. Let k = p + -16. Let a(w) = w - 3. Calculate a(k).
-3
Let w(l) = 3*l**2 + 33*l**3 - 32*l**3 - 21*l + 18*l. Give w(-4).
-4
Let v(s) = 5*s - 1. Let d be v(-4). Let a(c) = c**2 - 3*c - 20. Let m be a(8). Let n = m + d. Let l(g) = -6*g. Give l(n).
6
Let z(g) = 29*g - 12. Let c(l) = -47*l + 18. Let j(f) = -5*c(f) - 8*z(f). Let b be -1*3/((-6)/(-8)). Give j(b).
-6
Let j = -2/2001 - -6007/4002. Let x(c) be the first derivative of -10 - c + j*c**2. Give x(-4).
-13
Let h = -846 + 848. Let k(y) be the second derivative of 1/6*y**3 - 9/2*y**h + 0 + 7*y. Determine k(5).
-4
Let f(o) = 5*o + 4*o + 3 - 12*o. Let x(a) = -10*a + 8. Let r(p) = 7*f(p) - 2*x(p). What is r(-5)?
10
Let a = 467 + -465. Let f(m) = 2*m**2 - m - 4. Give f(a).
2
Let u be (-6)/(1/2*-4). Let a(k) = -5*k**2 - 113*k**3 + 112*k**u + 4*k**2. Determine a(-3).
18
Let y(f) = -f**3 + 2*f**2 - f + 3. Suppose -3*n + 30 = 3*d, -4*n = 3*d - 0*n - 28. Suppose d*m + 19 - 55 = 0. What is y(m)?
-9
Let p = 23 - 19. Let h(d) = d - 1. Let j(k) = -5*k + 5. Let g(x) = 4*h(x) + j(x). Let w(o) = 2*o - 2. Let z(b) = -4*g(b) - 3*w(b). Calculate z(p).
-6
Let g(s) = -s + 10. Let h be g(-7). Let p(q) = -27*q + 15*q + 6 + h*q + q**2. What is p(-4)?
2
Suppose -4*r = -3*t - 39, -12*t = 4*r - 13*t - 45. Let p(h) = -h**2 + 11*h + 2. Determine p(r).
-10
Let n(l) = -l**3 + 8. Let c = 2 + -1. Suppose -5*t = -2*i + 3, 19 = 2*t + 4*i + c. Let r be 3 + (-3 - -1 - t). Determine n(r).
8
Let a(y) = y**2 + 4582*y**3 + y**2 + 2 + y + y - 6*y**2 - 4579*y**3. Calculate a(2).
14
Let r(y) be the first derivative of y**2/2 + 10*y - 131. Give r(-10).
0
Let w(i) be the first derivative of -2*i**2 - 21*i - 286. Give w(-5).
-1
Let g = -117 - -114. Let m(l) = 5*l + 9. Calculate m(g).
-6
Let u = -6 + 8. Let z be 2/(-11) - u/(-11). Let v(i) = z*i - 7*i - i**2 + 2 + 1 - 5. Calculate v(-5).
8
Let x = -134 - -138. Suppose 5*k - 6 = -1. Let z(b) = k + 2*b**2 - 7*b - b**2 + 4*b. Determine z(x).
5
Let j(k) = -k**3 + 0*k**3 - 1 - 4 + 8*k**2. Let h = 1929 + -1921. What is j(h)?
-5
Suppose 12 + 43 = -11*u. Let a(m) = -4*m**2 - 8*m + 8. Let w(g) = 7*g**2 + 15*g - 15. Let v(q) = u*a(q) - 3*w(q). Calculate v(-4).
9
Let m(g) = g - 12. Let p = 616 + -605. What is m(p)?
-1
Let h(k) = -k. Let y = 3 - 2. Let o(m) = m**3 - m**2 + 11. Let u be o(0). Suppose 12*j - u*j = y. Give h(j